In base 4, what is -213313232 - 0?
-213313232
In base 16, what is -1c6 + -7e?
-244
In base 10, what is -331984 - -3?
-331981
In base 11, what is -5 - -150a53?
150a49
In base 10, what is -26 - -171008?
170982
In base 3, what is -201200021112 + 12?
-201200021100
In base 14, what is -4240 + 4?
-423a
In base 5, what is -3404340 + 1?
-3404334
In base 5, what is -41011 - -110?
-40401
In base 16, what is -4 + -4080?
-4084
In base 13, what is 0 + -7600?
-7600
In base 14, what is -5 + 178a?
1785
In base 7, what is 15526 + 41?
15600
In base 10, what is -1 - 627869?
-627870
In base 13, what is ba + c7?
1b4
In base 14, what is 2d - 1865a?
-1862b
In base 16, what is 14 - 5cb?
-5b7
In base 10, what is 21 - 89?
-68
In base 4, what is -2132 - 1311?
-10103
In base 13, what is a42 - -51?
a93
In base 14, what is -89bc + -b?
-89c9
In base 7, what is -3004 + 1362?
-1312
In base 12, what is 5 + -7b23?
-7b1a
In base 16, what is -ff + -34f?
-44e
In base 2, what is -1110 + 100101101111101?
100101101101111
In base 12, what is 230 + -348?
-118
In base 2, what is 1100001000111 - -10100?
1100001011011
In base 9, what is -283 - -136?
-146
In base 10, what is 150949 - -7?
150956
In base 7, what is -2566 - -4521?
1622
In base 16, what is 5 - -33850?
33855
In base 9, what is 6543 + 40?
6583
In base 5, what is -4122 - 220341?
-230013
In base 12, what is -35 + -1747?
-1780
In base 14, what is -34dab - 1?
-34dac
In base 12, what is aa + a4?
192
In base 15, what is 1b3e5 - 0?
1b3e5
In base 11, what is 11979 + -1?
11978
In base 14, what is -21720 + 1a?
-21704
In base 3, what is 2 + -2002111112111?
-2002111112102
In base 8, what is -41 - 127051?
-127112
In base 4, what is -1203 - 111230?
-113033
In base 12, what is -2 + -5993?
-5995
In base 3, what is -1101111021 - -12?
-1101111002
In base 7, what is -64 - -2045?
1651
In base 10, what is 32115 - -5?
32120
In base 2, what is 100 - -11010000011101?
11010000100001
In base 5, what is -202241 - -1044?
-201142
In base 14, what is -2 - -4c54?
4c52
In base 3, what is -1021220 + 20?
-1021200
In base 8, what is -270 - 33?
-323
In base 14, what is 5 - -49951?
49956
In base 4, what is -220003023 + -3?
-220003032
In base 3, what is -12 + -212002020?
-212002102
In base 7, what is -254251 + -24?
-254305
In base 10, what is -39 - 3416?
-3455
In base 6, what is 10 + -15050322?
-15050312
In base 2, what is 1100011 - -11100111?
101001010
In base 7, what is 30 - 622?
-562
In base 12, what is -28a7 + 8?
-289b
In base 13, what is 11356 + -2?
11354
In base 9, what is 2415761 - -5?
2415766
In base 12, what is 497 + 740?
1017
In base 11, what is -4 - 69846?
-6984a
In base 10, what is 199 + 1069?
1268
In base 16, what is 2 - -2211?
2213
In base 14, what is 66b5b1 + 2?
66b5b3
In base 16, what is 585 - -16?
59b
In base 14, what is -2c - -3150?
3122
In base 14, what is -531 - 10?
-541
In base 11, what is -538815 + 5?
-538810
In base 11, what is -11767 - 4?
-11770
In base 3, what is -1122020 - 11212112?
-20111202
In base 15, what is -116c + -ec?
-1269
In base 13, what is 2 + -35794?
-35792
In base 10, what is 7 - -12000?
12007
In base 12, what is -5731 + 4?
-5729
In base 15, what is -2e - 5a9?
-5d8
In base 8, what is -3513146 + 5?
-3513141
In base 16, what is -1 - 6da5?
-6da6
In base 3, what is -221200011022 + -10?
-221200011102
In base 9, what is 10854563 + 3?
10854566
In base 13, what is 1bb2c + 4?
1bb33
In base 5, what is 1014343 - 42?
1014301
In base 15, what is 2ba63 - 2?
2ba61
In base 15, what is 58 - 17?
41
In base 11, what is -2 + -25069?
-25070
In base 6, what is 140224 + 3?
140231
In base 10, what is -19 - 4360?
-4379
In base 6, what is 51 - 1555?
-1504
In base 3, what is 1221121 - 2121?
1212000
In base 9, what is -3666703 - 4?
-3666707
In base 5, what is -13313 - 14332?
-33200
In base 15, what is -3 - -41d7?
41d4
In base 5, what is 11440432 + -3?
11440424
In base 15, what is -5 - -3471?
346b
In base 14, what is -b3 - -2?
-b1
In base 2, what is -100000000 - 1010111?
-101010111
In base 4, what is -102332 - 11?
-103003
In base 3, what is 2012210 + 1000?
2020210
In base 13, what is b3bc - b?
b3b1
In base 11, what is 20 + -1499?
-1479
In base 4, what is 10 - 20203203?
-20203133
In base 11, what is 30877a + 4?
308783
In base 9, what is 373 + 220?
603
In base 7, what is 36 - -62430?
62466
In base 4, what is -1 - -2101332311?
2101332310
In base 7, what is 2142 + -124?
2015
In base 16, what is 45e - 38c?
d2
In base 2, what is 0 + -101101011110?
-101101011110
In base 16, what is -c806 - 20?
-c826
In base 7, what is 2 - -13340023?
13340025
In base 13, what is 2091 + 6?
2097
In base 3, what is 0 + 21221120210?
21221120210
In base 2, what is -11111100 - 10000100110?
-10100100010
In base 9, what is 1480 + -156?
1323
In base 13, what is -8 + 11a7?
119c
In base 9, what is 5 + -156125?
-156120
In base 14, what is 26d - -40a?
679
In base 10, what is 2 + -1978?
-1976
In base 2, what is 1110110011100 - -10?
1110110011110
In base 3, what is 11 - -1221021?
1221102
In base 6, what is -5 - 4212404?
-4212413
In base 14, what is -4 + 15b9b9?
15b9b5
In base 3, what is 121222021 - 10?
121222011
In base 5, what is 10 + -210043?
-210033
In base 12, what is -3 + 2048b?
20488
In base 3, what is 2 - -1210222101221?
1210222102000
In base 6, what is -1022154 - -3?
-1022151
In base 3, what is 12 - -1120012110001?
1120012110020
In base 12, what is -3 + -2517b?
-25182
In base 12, what is -3 - 376b6?
-376b9
In base 15, what is 2265ad + 0?
2265ad
In base 14, what is 35cc - 9a?
3532
In base 13, what is -a + 2003?
1cc6
In base 11, what is 15674 - -7?
15680
In base 4, what is -100 - 3320222?
-3320322
In base 16, what is 16a6 + 93?
1739
In base 6, what is 4 - 24112115?
-24112111
In base 3, what is 2020120200 + 11011?
2020201211
In base 12, what is a7 - -442b?
4516
In base 12, what is -4a - -a7?
59
In base 11, what is 9020a0 + 1?
9020a1
In base 16, what is 4b535 - 5?
4b530
In base 3, what is -1021100202120 - -11?
-1021100202102
In base 9, what is -83062 - 7?
-83070
In base 13, what is 12624 + -5?
1261c
In base 4, what is 1130100302 - -11?
1130100313
In base 14, what is -2 + -6180?
-6182
In base 13, what is -1 + 22a472?
22a471
In base 15, what is 1168 + -3a?
112d
In base 14, what is d - 581?
-572
In base 13, what is -a2 - -85?
-1a
In base 3, what is 11101 - 210011?
-121210
In base 9, what is -7 + 464870?
464862
In base 13, what is -2 - 16cabc?
-16cac1
In base 8, what is 326027 + -21?
326006
In base 3, what is -1000000001 - 2?
-1000000010
In base 4, what is 13 - -11233210?
11233223
In base 5, what is -3221143 + -2?
-3221200
In base 9, what is -667 - 64?
-742
In base 8, what is -7 - 257135?
-257144
In base 6, what is -14400 - 3?
-14403
In base 2, what is -10100100000101100 + -1011?
-10100100000110111
In base 15, what is 45 + 59c?
5e2
In base 6, what is -311040 + -2?
-311042
In base 5, what is 4 - -10003313?
10003322
In base 5, what is 0 + -421140?
-421140
In base 13, what is 11755 - 20?
11735
In base 16, what is 1aa23 - -2?
1aa25
In base 3, what is -11 + 121112101?
121112020
In base 6, what is 25142300 - -3?
25142303
In base 16, what is -ac658 - -4?
-ac654
In base 14, what is -1065 - 13b?
-11a2
In base 15, what is -24 + -996?
-9ba
In base 4, what is 20102203 - 33?
20102110
In base 9, what is -201212 + 5?
-201206
In base 9, what is 646 + -16?
630
In base 16, what is 2c68 + -5?
2c63
In base 8, what is -753705 - 5?
-753712
In base 8, what is 625 + 5170?
6015
In base 3, what is -20212010 + -10110?
-20222120
In base 11, what is 5 - 258464?
-25845a
In base 14, what is 73a79 - 2?
73a77
In base 14, what is -8 - 6585?
-658d
In base 13, what is 10cc14 - 0?
10cc14
In base 5, what is 414133 - 24?
414104
In base 3, what is 10002101 - 22?
10002002
In base 13, what is 8 + -1552a5?
-15529a
In base 6, what is -32 - 34411?
-34443
In base 12, what is 9a883 + 4?
9a887
In base 3, what is 2 + 1020022202?
1020022211
In base 5, what is 11020 - -322?
11342
In base 6, what is -2411412 - -2?
-2411410
In base 9, what is -18281 + 13?
-18267
In base 14, what is -1 + 5264?
5263
In base 5, what is -322133 - 23?
-322211
In base 2, what is -1100000110 + -1101010101?
-11001011011
In base 11, what is 1287a3 + 4?
1287a7
In base 4, what is -12322212032 + -10?
-12322212102
In base 4, what is -2200 - 2213?
-11013
In base 10, what i